2. Let t = p - 1011. Calculate the remainder when -1 + -1 - -14 - 1 is divided by t.
2
Let w = -44 + 43. Let g be 1*(-3)/3*154/w. Suppose a - 7*j + 3*j = 30, -3*a - 4*j + g = 0. What is the remainder when a is divided by 27?
19
Let l(o) = -o**3 - 12*o**2 - o + 12. Let i = 154 + -166. Calculate the remainder when l(i) is divided by 19.
5
Suppose -2*o + m = -1068, 12*o + m = 8*o + 2136. Suppose -6*c + o + 1854 = 0. What is the remainder when c is divided by 50?
48
Suppose 0 = 2*p + 11 - 127. Let z = p + -56. Suppose -5*v + 0*w + 485 = z*w, 0 = -2*v + 5*w + 223. Calculate the remainder when v is divided by 34.
31
Let a = 327 - 140. Let z = 10 + -5. Suppose 19 = -k + p + 55, -z*k + a = 2*p. What is the remainder when k is divided by 13?
11
Let n = 4123 + -2022. What is the remainder when n is divided by 17?
10
Suppose 2*z - 5 = 3. Suppose 4379 = 15*b - 1546. Suppose 0 = m + z*m - b. What is the remainder when m is divided by 20?
19
Let r = 237 - 100. Suppose -3*x - 8*z = -11*z - 198, -2*x + z + r = 0. Let b(a) = -a**3 + 8*a**2 + 4*a - 12. What is the remainder when x is divided by b(8)?
11
Suppose 3 = z + 5, -4*o + z + 2 = 0. Suppose o = 5*n - 2*n - 387. Calculate the remainder when n is divided by ((-616)/(-35))/(-2)*(-10)/4.
19
Let q(s) = -19*s + 680. What is the remainder when 119 is divided by q(35)?
14
Let i = 17681 - 16021. Calculate the remainder when i is divided by 20.
0
Let r = -7407 + 7456. What is the remainder when 840 is divided by r?
7
Let g(r) = 251*r**2 - 480*r - 960. What is the remainder when g(-2) is divided by 169?
159
Let p(q) = -q**3 - 9*q**2 - 7*q + 1. Let r be p(-8). Let u be (0 + 0)/(-6 - r). Suppose -f + u = -9. Calculate the remainder when f is divided by 3.
0
Let n be (-2)/(-4)*1*2. Suppose -j - n + 35 = 0. What is the remainder when (66 - (4 - 1)) + 2 is divided by j?
31
Suppose -3*c + p = -563, -3*p - 121 + 124 = 0. What is the remainder when c is divided by 19 - (-8)/(-3 - -7)?
20
What is the remainder when 12/18 - (6292/(-12) - -1) is divided by 156?
56
Suppose 2*r = 4*h - r - 671, -2*r - 2 = 0. Suppose 3*f - 2360 = -f - 2416, -3*x - 4*f + 16 = 0. What is the remainder when h is divided by x?
23
Suppose 4*z = -3*b + 1959, -2*b - 2425*z = -2428*z - 1323. Calculate the remainder when b is divided by 56.
41
Let b(y) = 2*y + 12. Let z(d) = -d - 18. Let l be z(-13). Let p be b(l). Calculate the remainder when 74 is divided by -2 - (-37)/p - 8/16.
10
Suppose 0 = -5*w + 3*x - 0*x + 602, -3*x = 2*w - 245. Let t = w - 46. What is the remainder when 524 is divided by t?
74
Suppose 1819 = -994*y + 1101*y. What is the remainder when (-2 + 0 - -35) + -1 is divided by y?
15
Let x(n) = 11*n**2 - n - 2. What is the remainder when 1/(2/(-4)) + -10 + 47 is divided by x(-1)?
5
Suppose -165 - 7 = -18*j - 46. Suppose 5*r = 83 + 12. What is the remainder when r is divided by j?
5
Let w(j) = 4*j**3 - 31*j**2 - 94*j - 19. What is the remainder when w(12) is divided by 76?
9
Suppose 0 = -2*p + c - 34 + 101, -14 = -2*c. What is the remainder when 5547 is divided by p?
34
Suppose -1581 = 5*t + 3*c, c = 4*t + 134 + 1124. Let q = t - -446. What is the remainder when q is divided by 45?
41
Suppose -423 = -4*t + 5*n, 4*n - 213 = -3*t + 50. Calculate the remainder when 5819 is divided by t.
96
Let w = -12469 - -12730. What is the remainder when 2345 is divided by w?
257
Suppose -13*z + 10*z + 90 = 0. Calculate the remainder when z/20*(-2896)/(-6) is divided by 11.
9
Let c(d) be the second derivative of 21*d - 5*d**2 - 5/12*d**4 + 1/3*d**3 - 1/20*d**5 + 0. Calculate the remainder when c(-7) is divided by 15.
14
What is the remainder when (-2401)/(5/(-5)) - (8 + (5 - 18)) is divided by 799?
9
Let c(r) = r. Let b(w) = -w + 7. Let s(f) = -2*b(f) + 4*c(f). Let j be s(-3). Let t(h) = h**2 + 33*h + 37. Calculate the remainder when t(j) is divided by 3.
2
Suppose 0 = 5*f - q - 73, -4*q + 26 = -4*f + 78. Calculate the remainder when 1042 is divided by f.
7
Let o(s) = -2*s**3 - s**2 + s. Let t(p) = -6*p**3 - 35*p**2 + 11*p - 6. Let f(g) = -6*o(g) + t(g). Calculate the remainder when 85 is divided by f(5).
41
Let g = 32 - -34. Let w = g - 9. Calculate the remainder when w is divided by (29/(-3))/((-3)/9).
28
Suppose -3904 = -18*z + 344. Suppose -z = -t - 2*g, -4*g + 230 = -0*t + t. Calculate the remainder when t is divided by 70.
32
Let p be (-42)/11 - 3/99*6. Calculate the remainder when 2/2*(2 - p) is divided by (-3)/(-2 - (-10)/8).
2
Let w = 6065 - 5043. Calculate the remainder when w is divided by 11.
10
Suppose -w + 3*r = -3*w + 134, -r = 5*w - 322. Suppose 0 = 3*p + 2*n - 159, 4*p - 210 = -n - n. Let x = 74 - p. Calculate the remainder when w is divided by x.
18
Let z = -60 - -40. Let p = -8 - z. Let j = -10 + 15. What is the remainder when p is divided by j?
2
Let w = -2254 + 2838. What is the remainder when w is divided by 19?
14
Calculate the remainder when 123 is divided by ((6 - 5)*-218)/(5 + -7).
14
Let w(n) = -n**2 - 8*n + 13. Let q be w(-9). Suppose 4*f = -p + 56, 4*f + 172 = q*p - 2*p. Let i = p - 62. Calculate the remainder when 52 is divided by i.
10
Suppose k - p + 40 = -4*p, 4*p = -8. Let l = k + 55. Suppose 5*h = 31 - 11, -5*h = 3*t - 38. What is the remainder when l is divided by t?
3
Let t(n) = -4*n - 22. Suppose 0 = 5*s - u - 75 - 72, s - 56 = 4*u. What is the remainder when t(-14) is divided by s?
6
Suppose 0 = 58*r - 118*r + 63900. What is the remainder when r is divided by 210?
15
Suppose 35 = 21*v - 7. Let s be v*1/(-8) - (-3170)/40. Suppose s = l + o - 58, -3*l = 5*o - 413. What is the remainder when l is divided by 28?
24
Let l = 46 + -49. Let w be -138*((-12)/16 + l/(-12)). Suppose 66 = 5*i - w. What is the remainder when i is divided by 5?
2
Suppose 7*y - 8*y = -42. Suppose 10*p + 39 = 109. Suppose 0 = -4*f + p + 29. Calculate the remainder when y is divided by f.
6
Let l(m) = 10*m - 7. Let y be l(-7). Calculate the remainder when (-5)/10*394/(-1) is divided by (3 + 0)/(210/y - -3).
10
Let r be (112/24)/(3/9). Let d be (-4)/8 + (r/4)/1. Calculate the remainder when ((-1)/d - -1) + (-436)/(-12) is divided by 4.
1
Let r = -6 + 10. Let l(k) = -6*k + 23. Let a be l(3). Suppose -a*j = -9*j + 108. Calculate the remainder when j is divided by r.
3
Let f(i) = 5*i**3 + 11*i**2 + 8*i - 17. Calculate the remainder when 2269 is divided by f(1).
1
Suppose 42*k - 38*k + 406 = 2*c, 0 = -8*c - 3*k + 1548. What is the remainder when 10526 is divided by c?
191
Let m(u) = 2*u + 2. Let f be m(2). Suppose 4*q - b - 47 = -f*b, 3*q - 30 = -2*b. Suppose 45 - 92 = -43*g + 297. What is the remainder when q is divided by g?
0
Suppose 0 = 2*r + 5*i - 168, -4*r + 3*i = -5*r + 83. What is the remainder when 2311 is divided by r?
86
Let h = 1067 - 575. Let s = -26538 - -26564. What is the remainder when h is divided by s?
24
Suppose 32*d - 2075 = 7*d. Suppose m = 21 + 2. Let o = 44 - m. Calculate the remainder when d is divided by o.
20
Let f(i) = -2*i**3 + 3*i**2 - 2*i + 1. Let u be f(2). Suppose -72 = 11*y + 13*y. Calculate the remainder when (-35)/u*(-69)/y is divided by 13.
11
Suppose -3*v + 1652 = -v - 5*o, -804 = -v - 3*o. Let p = v + -802. Calculate the remainder when 488 is divided by p.
12
Let m(y) = 3*y - 16. Let a be m(7). Let i(w) = 4*w + 12*w - a + 10*w**2 + 33 - 4*w. What is the remainder when i(-5) is divided by 44?
42
Suppose 0 = -5*d, 8*k = 9*k + 3*d + 50 - 149. What is the remainder when 192 is divided by k?
93
Suppose i + 2*z = 0, -5*i - 3*z - 10 = -6*i. Let c(l) = -l + 39. Let v be c(12). What is the remainder when 249/27 + (-6)/v is divided by i?
1
Let g(b) = 3*b**2 - 24*b - 249. What is the remainder when 3152 is divided by g(23)?
8
Let z be (-40)/12*(-24)/10. Let g(q) = 3*q**2 - 9*q + 15. Let d be g(z). Suppose -3*w + d + 33 = 0. What is the remainder when w is divided by 15?
11
Let g be 0 - (69 + (-3)/3 - 3). Let u = 197 + g. What is the remainder when u is divided by 23?
17
Let o = -85 + -64. Let c = o - -341. Calculate the remainder when c is divided by 65.
62
Suppose -250 = -5*x - 5*l, 0 = 4*x + 2*l - 110 - 84. Suppose -28*y - 285 = -x*y. Suppose i = 22 + 21. What is the remainder when i is divided by y?
13
Suppose -3*k + 7 = -w, 2*w + 5 = -k - 2*k. Let u(i) = -i + 4. Let x be u(k). What is the remainder when 26 + 1/(-3)*(0 -